V/Λ SELECT: Month and Year
OR > Month
Monthly Climatological Summary for Apr 2024
Name: OFallon Weather City: OFallon State: MO
Elevation: 532 ft Lat: N 38° 50' 20" Lon: W 090° 43' 42"
Temperature (°F), Rain (in), Wind Speed (mph)
Heat Cool Avg
Mean Deg Deg Wind Dom
Day Temp High Time Low Time Days Days Rain Speed High Time Dir
----------------------------------------------------------------------------------
01 66.9 78.0 17:08 57.8 07:55 1.2 3.2 1.32 3.1 20.0 12:36 SSE
02 52.3 61.4 10:09 42.6 23:50 12.7 0.0 0.70 8.5 30.0 13:17 W
03 41.7 43.9 22:42 39.1 09:38 23.3 0.0 0.04 7.8 32.0 14:39 WNW
04 42.3 49.5 15:54 35.2 07:07 22.7 0.0 0.00 6.4 24.0 17:19 NW
05 44.5 56.8 16:10 32.9 07:05 20.5 0.0 0.00 2.9 12.0 12:45 NNE
06 48.5 61.0 16:45 34.0 04:14 16.5 0.0 0.00 5.6 21.0 10:26 SE
07 61.6 75.8 16:46 50.6 07:15 6.0 2.6 0.01 7.8 30.0 15:33 S
08 64.5 78.6 17:09 50.7 06:11 4.5 4.0 0.00 3.5 21.0 16:45 SSW
09 59.8 70.6 16:39 49.4 06:40 5.9 0.7 0.00 1.8 13.0 08:23 NW
10 57.5 62.5 14:20 51.7 23:11 7.5 0.0 0.26 2.8 16.0 17:20 ENE
11 56.8 67.2 15:31 49.6 06:21 8.4 0.1 0.05 7.0 33.0 16:48 NW
12 56.3 67.5 17:19 47.7 06:54 9.0 0.3 0.00 8.8 29.0 14:14 WNW
13 63.6 84.8 17:32 40.2 04:58 7.7 6.4 0.00 2.8 17.0 12:42 S
14 74.8 87.6 17:20 65.1 06:36 0.0 9.8 0.00 4.5 21.0 08:21 SW
15 73.1 85.4 15:50 58.6 06:48 1.1 9.2 0.00 2.7 14.0 17:22 E
16 72.9 84.0 13:25 67.2 06:34 0.0 7.9 0.15 8.2 35.0 18:39 S
17 69.5 78.9 16:16 55.8 23:57 0.9 5.3 0.00 7.4 37.0 08:00 W
18 62.1 79.1 16:27 51.0 23:38 5.7 2.8 0.49 4.8 30.0 17:05 ENE
19 51.9 62.2 16:07 43.4 06:45 13.1 0.0 0.00 3.7 17.0 00:40 N
20 48.4 57.1 15:09 39.5 06:03 16.6 0.0 0.00 4.5 21.0 14:25 NW
21 46.7 60.3 16:29 32.4 06:28 18.3 0.0 0.00 3.1 19.0 14:06 NW
22 54.7 69.9 16:47 33.3 06:14 11.1 0.8 0.00 4.3 23.0 17:03 SSW
----------------------------------------------------------------------------------
57.7 87.6 14 32.4 21 212.7 53.2 3.02 5.1 37.0 17 W
Max >= 90.0 0
Max <= 32.0 0
Min <= 32.0 0
Min <= 0.0 0
Max Rain: 1.32 on day 1
Days of Rain: 8 (>= 0.01 in) 5 (>= 0.10 in) 1 (>= 1.00 in)
Heat Base: 65.0 Cool Base: 65.0 Method: Integration